ns digit of 398688317?
1
What is the thousands digit of 3044398446?
8
What is the ten millions digit of 93777674?
9
What is the millions digit of 2752271896?
2
What is the thousands digit of 5619314197?
4
What is the ten thousands digit of 3171030434?
3
What is the ten millions digit of 7301518134?
0
What is the hundred millions digit of 1268118884?
2
What is the thousands digit of 27809087?
9
What is the thousands digit of 63825755?
5
What is the ten thousands digit of 18592881?
9
What is the hundreds digit of 13581037?
0
What is the hundreds digit of 344076081?
0
What is the thousands digit of 55982099?
2
What is the ten millions digit of 410323075?
1
What is the millions digit of 266596857?
6
What is the hundred thousands digit of 1419179704?
1
What is the hundreds digit of 2255812156?
1
What is the tens digit of 99795825?
2
What is the thousands digit of 6037979542?
9
What is the hundred millions digit of 102689473?
1
What is the hundred thousands digit of 371395632?
3
What is the hundred millions digit of 565215138?
5
What is the units digit of 66593556?
6
What is the hundred thousands digit of 334111147?
1
What is the units digit of 140666880?
0
What is the ten millions digit of 209580862?
0
What is the hundred thousands digit of 562518176?
5
What is the tens digit of 2983977570?
7
What is the hundreds digit of 8435776?
7
What is the hundred millions digit of 992752647?
9
What is the thousands digit of 24300309?
0
What is the hundred millions digit of 132808238?
1
What is the ten millions digit of 578296084?
7
What is the units digit of 1612858447?
7
What is the units digit of 1210202299?
9
What is the thousands digit of 213148672?
8
What is the ten millions digit of 3345450872?
4
What is the hundreds digit of 12746723?
7
What is the ten thousands digit of 23064461?
6
What is the hundred millions digit of 244995921?
2
What is the hundred thousands digit of 26585395?
5
What is the units digit of 53794883?
3
What is the tens digit of 1441932923?
2
What is the ten thousands digit of 406206526?
0
What is the ten thousands digit of 894108449?
0
What is the ten thousands digit of 3659075728?
7
What is the thousands digit of 3768643000?
3
What is the tens digit of 283029191?
9
What is the tens digit of 62006372?
7
What is the billions digit of 4280010090?
4
What is the hundreds digit of 54220066?
0
What is the thousands digit of 354206853?
6
What is the hundred millions digit of 385158882?
3
What is the hundreds digit of 687927443?
4
What is the thousands digit of 191361532?
1
What is the tens digit of 199732543?
4
What is the ten thousands digit of 572601887?
0
What is the tens digit of 53070790?
9
What is the units digit of 12960132?
2
What is the units digit of 61020287?
7
What is the millions digit of 553040637?
3
What is the thousands digit of 50640558?
0
What is the billions digit of 1024388997?
1
What is the hundred millions digit of 500696590?
5
What is the ten millions digit of 193790960?
9
What is the hundreds digit of 315490576?
5
What is the thousands digit of 4599102013?
2
What is the hundreds digit of 4320021?
0
What is the ten millions digit of 167188664?
6
What is the hundred millions digit of 719360579?
7
What is the ten millions digit of 140681052?
4
What is the tens digit of 3600178631?
3
What is the thousands digit of 103332701?
2
What is the tens digit of 44687303?
0
What is the ten thousands digit of 370686100?
8
What is the ten millions digit of 32653270?
3
What is the hundreds digit of 38959621?
6
What is the hundreds digit of 259853290?
2
What is the tens digit of 3321556101?
0
What is the hundreds digit of 52512288?
2
What is the tens digit of 5447095198?
9
What is the hundreds digit of 87871038?
0
What is the ten thousands digit of 48604081?
0
What is the ten millions digit of 449122208?
4
What is the hundred thousands digit of 2438308392?
3
What is the tens digit of 46875794?
9
What is the ten millions digit of 41009283?
4
What is the thousands digit of 1262761372?
1
What is the tens digit of 88741396?
9
What is the hundred millions digit of 196124213?
1
What is the thousands digit of 441100740?
0
What is the tens digit of 446299563?
6
What is the ten thousands digit of 130475102?
7
What is the units digit of 24623508?
8
What is the millions digit of 92693403?
2
What is the tens digit of 322749290?
9
What is the tens digit of 70322592?
9
What is the thousands digit of 38439930?
9
What is the millions digit of 53746072?
3
What is the ten thousands digit of 3273081449?
8
What is the ten thousands digit of 137034715?
3
What is the ten thousands digit of 1031442450?
4
What is the tens digit of 1398038243?
4
What is the thousands digit of 4374189?
4
What is the millions digit of 203778217?
3
What is the tens digit of 6336532?
3
What is the millions digit of 610836113?
0
What is the ten thousands digit of 75657766?
5
What is the hundreds digit of 433507?
5
What is the billions digit of 1128532288?
1
What is the ten thousands digit of 120870075?
7
What is the millions digit of 214455020?
4
What is the ten thousands digit of 287182457?
8
What is the tens digit of 7147440196?
9
What is the thousands digit of 1068090174?
0
What is the thousands digit of 58381257?
1
What is the ten thousands digit of 290259331?
5
What is the millions digit of 277948268?
7
What is the hundreds digit of 69089619?
6
What is the billions digit of 1098342651?
1
What is the ten thousands digit of 397895596?
9
What is the ten millions digit of 1393329523?
9
What is the thousands digit of 39558150?
8
What is the ten millions digit of 140613983?
4
What is the millions digit of 73872867?
3
What is the billions digit of 3754869263?
3
What is the millions digit of 2520383613?
0
What is the units digit of 3245112222?
2
What is the units digit of 43704286?
6
What is the units digit of 507640869?
9
What is the ten thousands digit of 6732450?
3
What is the ten thousands digit of 139529164?
2
What is the hundred thousands digit of 73595484?
5
What is the hundred millions digit of 314675610?
3
What is the units digit of 2458709098?
8
What is the hundred millions digit of 264415791?
2
What is the millions digit of 74186785?
4
What is the ten millions digit of 504325326?
0
What is the thousands digit of 35037757?
7
What is the hundreds digit of 409603406?
4
What is the ten millions digit of 99146445?
9
What is the tens digit of 16325786?
8
What is the tens digit of 158105591?
9
What is the thousands digit of 5512665162?
5
What is the units digit of 21526708?
8
What is the thousands digit of 1473314007?
4
What is the ten millions digit of 2372221357?
7
What is the thousands digit of 5948141241?
1
What is the hundreds digit of 4148179153?
1
What is the ten thousands digit of 16169320?
6
What is the millions digit of 38415778?
8
What is the hundred millions digit of 3168269491?
1
What is the units digit of 594418782?
2
What is the tens digit of 849255949?
4
What is the millions digit of 2043430294?
3
What is the ten thousands digit of 1383697826?
9
What is the millions digit of 1550322514?
0
What is the hundred thousands digit of 9229162?
2
What is the millions digit of 136710154?
6
What is the units digit of 4861837939?
9
What is the hundred thousands digit of 259792665?
7
What is the hundreds digit of 19774486?
4
What is the thousands digit of 89920072?
0
What is the units digit of 1800625891?
1
What is the ten millions digit of 2162138508?
6
What is the ten millions digit of 56011108?
5
What is the thousands digit of 2507337641?
7
What is the ten thousands digit of 210558614?
5
What is the hundreds digit of 17542947?
9
What is the units digit of 340526042?
2
What is the ten thousands digit of 61394083?
9
What is the hundreds digit of 1497345077?
0
What is the units digit of 253840275?
5
What is the millions digit of 8141166?
8
What is the millions digit of 95971892?
5
What is the hundreds digit of 582057944?
9
What is the units digit of 120236319?
9
What is the hundred thousands digit of 719537621?
5
What is the ten millions digit of 52069791?
5
What is the ten thousands digit of 2705478116?
7
What is the hundreds digit of 56763270?
2
What is the ten millions digit of 183924642?
8
What is the units digit of 38075519?
9
What is the hundred thousands digit of 3